11. Give o(-2).
-27
Let n(f) = f**3 - 5*f**2 + 3*f - 4. Determine n(5).
11
Let j(o) = 13*o + 64. What is j(-5)?
-1
Let z(d) = -6*d - 132. Give z(-13).
-54
Let u(x) = -x**3 + 9*x - 11. Calculate u(2).
-1
Let y(w) = 2*w**2 + 15*w - 2. Give y(-7).
-9
Let n(i) = -i**3 - 13*i**2 - 2*i + 11. Determine n(-13).
37
Let z(g) = -g**3 - 25*g**2 + 26*g + 28. What is z(-26)?
28
Let d(a) = -a**3 - 6*a**2 + 5*a - 14. What is d(-7)?
0
Let c(j) = -j**3 - 8*j**2 - 10*j + 1. Determine c(-2).
-3
Let v(q) = q**3 + 5*q**2 - 8*q + 3. Calculate v(-6).
15
Let k(r) = -2*r**3 - 59*r**2 - 30*r - 41. Calculate k(-29).
-12
Let t(z) = -z**3 + 40*z**2 + 41*z + 4. Give t(41).
4
Let r(d) = -23*d**2 + 2*d - 8. Give r(2).
-96
Let x(q) = 4*q**2 + 73*q + 19. Calculate x(-18).
1
Let c(k) = -k**3 - 9*k**2 - 8. Calculate c(-6).
-116
Let t(u) = 8*u - 95. Give t(10).
-15
Let l(p) = 13*p**2 - 64*p - 7. Calculate l(5).
-2
Let u(b) = 2*b**2 + 14*b + 3. Determine u(-6).
-9
Let p(x) = -x**3 - 17*x**2 - 25*x + 69. Calculate p(-15).
-6
Let l(t) = 4*t + 21. Give l(-5).
1
Let u(r) = -12*r - 47. Calculate u(-3).
-11
Let g(w) = w**3 + 4*w**2 - 3*w - 12. Calculate g(-3).
6
Let a(r) = 2*r**2 - 2. Calculate a(2).
6
Let a(m) = -2*m - 4. Determine a(3).
-10
Let v(b) = 20*b**2 - b. Calculate v(1).
19
Let k(t) = -5*t**2 + 16*t - 3. Determine k(3).
0
Let x(s) = 28*s - 149. Give x(5).
-9
Let o(s) = -s**3 + 12*s**2 + s - 20. Give o(12).
-8
Let n(i) = 2*i**2 + 141. Determine n(0).
141
Let c(w) = 4*w**2 + 50*w - 31. Determine c(-13).
-5
Let s(i) = -10*i**2 - 31*i - 2. Calculate s(-3).
1
Let d(k) = k**2 + 41*k + 255. Determine d(-33).
-9
Let z(k) = 2*k**2 + 10*k + 6. Determine z(-8).
54
Let t(y) = y - 18. Give t(-9).
-27
Let b(i) = -2*i + 9. Calculate b(6).
-3
Let d(c) = c**3 - 4*c**2 - c + 1. Determine d(3).
-11
Let t(f) = f - 50. Give t(-7).
-57
Let j(n) = -n + 10. Calculate j(11).
-1
Let m(z) = z**2 + 16*z - 14. Determine m(-17).
3
Let p(b) = 25*b + 139. Calculate p(-6).
-11
Let i(m) = -3*m**2 + 86*m - 37. Calculate i(28).
19
Let n(w) = w**3 - 5*w. What is n(4)?
44
Let d(f) = -4*f + 80. Determine d(27).
-28
Let u(h) = -h**2 + 4*h + 76. What is u(11)?
-1
Let v(g) = g - 10. Give v(-7).
-17
Let k(j) = 4*j - 14. Give k(5).
6
Let v(s) = 22*s - 149. Determine v(7).
5
Let o(n) = -n**2 + 8*n - 8. Give o(5).
7
Let r(j) = -j**3 + 10*j**2 + 12*j - 17. Give r(11).
-6
Let u(i) = 219*i**2 - 1313*i - 2. What is u(6)?
4
Let x(k) = -4*k + 26. Give x(-11).
70
Let w(p) = -6*p - 25. What is w(-6)?
11
Let q(p) = p**3 + 16*p**2 + 18*p + 26. Determine q(-15).
-19
Let n(z) = z**2 + 8*z + 13. Give n(-6).
1
Let k(i) = -i**3 - 3*i**2. Give k(-3).
0
Let d(i) = -i - 11. Calculate d(-8).
-3
Let s(q) = 2*q + 13. Determine s(-6).
1
Let g(r) = 3*r. What is g(-2)?
-6
Let r(f) = f - 8. Calculate r(9).
1
Let o(v) = -6*v**2 + 2. Give o(2).
-22
Let f(b) = -b + 2. Calculate f(3).
-1
Let z(y) = 10*y + 140. Determine z(-13).
10
Let l(v) = -16*v - 43. What is l(-4)?
21
Let s(v) = -v. Give s(5).
-5
Let y(t) = -t**2 + 5*t - 3. Give y(0).
-3
Let o(d) = -d**3 + 10*d**2 - 2*d + 8. Determine o(10).
-12
Let j(f) = -f**3 + 5*f**2 - 3*f - 4. Determine j(4).
0
Let t(b) = 4*b + 11. Determine t(-9).
-25
Let u(m) = 2*m**3 + 25*m**2 - 40*m + 27. Determine u(-14).
-1
Let b(x) = x - 9. Calculate b(10).
1
Let l(h) = -10*h + 132. Give l(14).
-8
Let v(z) = 11*z + 49. Give v(-5).
-6
Let n(d) = -6*d**2 - d + 6. Determine n(-2).
-16
Let b(p) = -36*p - 3. Determine b(-2).
69
Let y(u) = u**2 - 8*u + 6. Determine y(9).
15
Let o(g) = -24*g - 368. What is o(-16)?
16
Let w(g) = -g + 1. Determine w(7).
-6
Let d(b) = 2*b - 86. Give d(32).
-22
Let u(z) = -23*z**2 + 3. Give u(0).
3
Let p(f) = f**2 - 21*f + 13. What is p(20)?
-7
Let k(h) = -h**2 + 16*h + 10. Give k(16).
10
Let i(q) = -4*q - 5. Give i(-6).
19
Let g(j) = -j**3 + 15*j**2 - 12*j - 20. What is g(14)?
8
Let c(p) = -p**3 - 8*p**2 - p + 4. What is c(-8)?
12
Let y(u) = -3*u**2 - 61*u - 34. Calculate y(-20).
-14
Let t(o) = -o**3 + 3*o**2 + 5*o - 16. Give t(2).
-2
Let k(l) = 3*l**2 + 64*l + 22. Calculate k(-21).
1
Let a(l) = l**2 + 6*l + 4. Give a(-5).
-1
Let h(k) = k**2 + 26*k + 174. Give h(-12).
6
Let l(t) = t**3 - 5*t**2 - 3*t + 7. Give l(5).
-8
Let p(w) = 8*w + 59. What is p(-9)?
-13
Let c(w) = 2*w**2 + 6. Give c(0).
6
Let h(k) = 4*k - 20. Give h(9).
16
Let b(p) = -p**3 + 4*p**2 + p + 5. Give b(5).
-15
Let p(d) = 2*d**3 + 5*d**2 - 3*d. Determine p(-4).
-36
Let g(b) = b**3 + 13*b**2 - 33*b - 20. Give g(-15).
25
Let y(x) = x**2 - 9*x - 6. Give y(10).
4
Let k(m) = -m - 4. Give k(-11).
7
Let p(g) = 2*g**2 + 18*g - 13. Give p(-9).
-13
Let m(i) = -i**3 + 10*i**2 - 10*i - 7. Determine m(9).
-16
Let a(r) = r**2 + 23*r + 90. Calculate a(-5).
0
Let m(g) = -g**2 - 26*g - 43. Give m(-24).
5
Let s(b) = -b**3 - 10*b**2 - 20*b - 16. What is s(-8)?
16
Let r(k) = -k**3 - 10*k**2 - 8*k + 4. Calculate r(-9).
-5
Let n(l) = -2*l**2 + 17*l - 54. Give n(6).
-24
Let s(z) = -z**2 + z + 1. Give s(4).
-11
Let c(t) = -40*t - 82. Give c(-2).
-2
Let d(s) = s**3 + 5*s**2 + s. Calculate d(-5).
-5
Let w(k) = -k**2 + 14*k + 27. What is w(12)?
51
Let x(d) = -d**3 + 3*d**2 - 2*d + 1. Calculate x(3).
-5
Let c(d) = -82*d + 1. What is c(1)?
-81
Let m(u) = u**3 + 12*u**2 - 13*u - 5. What is m(-13)?
-5
Let j(d) = 3*d + 13. What is j(14)?
55
Let o(j) = -2*j**2 - 15*j - 15. What is o(-5)?
10
Let g(k) = 7*k + 72. Determine g(-12).
-12
Let i(o) = o**3 + 17*o**2 + 74*o + 14. Calculate i(-8).
-2
Let l(r) = -r**2 + 5*r - 10. Give l(9).
-46
Let t(i) = -i**3 - 15*i**2 - 23*i + 26. Give t(-13).
-13
Let d(c) = c**3 + 3*c**2 - 2*c - 1. Calculate d(-3).
5
Let k(m) = m**3 + 11*m**2 - 11*m - 73. Calculate k(-11).
48
Let q(o) = 2*o + 39. Determine q(-18).
3
Let a(q) = q**3 - 6*q**2 + 6. Give a(6).
6
Let h(r) = -2*r - 6. Give h(8).
-22
Let p(g) = 5*g**2 + 34*g + 24. Calculate p(-6).
0
Let z(r) = r**3 + 10*r**2 + 6*r - 1. What is z(-9)?
26
Let m(d) = d**3 - 29*d**2 + 2*d - 25. Determine m(29).
33
Let k(y) = y**3 + 17*y**2 + 14*y - 44. Determine k(-16).
-12
Let g(l) = l**2 + 6*l + 6. What is g(-3)?
-3
Let v(k) = -k**3 + 9*k**2 - 6*k - 7. Give v(6).
65
Let o(k) = -4*k**3 + 2*k - 2. Determine o(2).
-30
Let k(n) = 9*n + 3. Determine k(-2).
-15
Let f(k) = k**3 + 6*k**2 + 2*k - 4. Calculate f(-5).
11
Let y(d) = 4*d**2 - 26*d + 6. Calculate y(6).
-6
Let l(o) = o**2 - 2*o - 4. What is l(-6)?
44
Let w(k) = 2*k**3 - 8*k**2 + 8*k - 8. What is w(5)?
82
Let k(p) = -p - 6. Determine k(-2).
-4
Let a(i) = i**3 + 6*i**2 + 5*i - 4. What is a(-4)?
8
Let h(t) = -t**3 - 11*t**2 + 44*t + 31. What is h(-14)?
3
Let q(c) = -16*c - 32. Give q(-6).
64
Let m(f) = 2*f**2 + 23*f - 21. What is m(-11)?
-32
Let j(r) = 12*r + 6. Calculate j(-2).
-18
Let r(z) = 2*z**2 + 10*z + 43. Calculate r(-4).
35
Let g(i) = -i**2 - 14*i - 33. Determine g(-6).
15
Let w(n) = n**3 - 4*n**2 + 4*n - 2. Give w(3).
1
Let m(g) = 2*g**3 + 17*g**2 + 7*g + 2. Give m(-8).
10
Let n(c) = -2*c + 21. Determine n(7).
7
Let z(q) = -10*q + 4. Determine z(2).
-16
Let c(q) = -q**2 + 8*q - 19. Calculate c(6).
-7
Let v(o) = 6*o + 2. Determine v(7).
44
Let j(k) = -k**2 + 7*k - 56. Give j(0).
-56
Let p(w) = w**2 + 20*w - 444. What is p(-33)?
-15
Let r(h) = -h**2 + 9*h - 12. Give r(9).
-12
Let j(v) = -49*v**3 - 2*v**2 - 2*v - 2. Determine j(-1).
47
Let p(q) = 2*q**3 + 25*q**2 - 14*q - 12. What is p(-13)?
1
Let m(b) = 11*b + 6. Give m(-1).
-5
Let h(d) = -9*d**2 + 4*d + 6. What is h(-1)?
-7
Let k(m) = m**2 + m + 46. Give k(0).
46
Let i(j) = 71*j**2 + j + 1. Determine i(-1).
71
Let q(f) = 6*f + 1. What is q(1)?
7
Let s(b) = -b**3 - 7*b**2 - b - 3. Calculate s(-8).
69
Let i(c) = -c**3 - 9*c**2 + 17. Calculate i(-8).
-47
Let f(b) = -2*b - 30. Determine f(-9).
-12
Let n(g) = -2*g**2 - 3*g + 3. What is n(3)?
-24
Let k(a) = -a**2 + 40*a + 72. Determine k(-2).
-12
Let g(t) = t**3 + 10*t**2 - 9*t + 6. Give g(-11).
-16
Let v(m) = -m**2 - 10*m + 24. Calculate v(-12).
0
Let f(t) = t + 40. What is f(0)?
40
Let l(z) = 3*z**2 - 164*z + 107. Determine l(54).
-1
Let f(i) = i**2 - 10*i - 17. Give f(13).
22
Let b(y) = -y**3 + 10*y**2 - 12*y - 7. Calculate b(9).
-34
Let r(p) = p**2 - 34*p + 29. Calculate r(35).
64
Let h(v) = -v**2 - 18*v - 74. Give h(-10).
6
Let c(z) = 2*z**2 + 11*z - 1. Determine c(-6).
5
Let k(a) = a**2 + 7*a + 18. What is k(-4)?
6
Let z(j) = -23*j